{"id":136,"date":"2025-10-06T16:54:02","date_gmt":"2025-10-06T16:54:02","guid":{"rendered":"https:\/\/emergencias123.com.py\/?page_id=136"},"modified":"2025-10-23T16:07:32","modified_gmt":"2025-10-23T16:07:32","slug":"principal","status":"publish","type":"page","link":"https:\/\/emergencias123.com.py\/","title":{"rendered":"Principal"},"content":{"rendered":"\n<div class=\"wp-block-media-text alignwide is-stacked-on-mobile is-vertically-aligned-center has-background\" style=\"background-color:#fffdea\"><figure class=\"wp-block-media-text__media\"><img fetchpriority=\"high\" decoding=\"async\" width=\"530\" height=\"530\" src=\"https:\/\/emergencias123.com.py\/wp-content\/uploads\/2025\/10\/my-image-1.png\" alt=\"\" class=\"wp-image-65 size-full\" srcset=\"https:\/\/emergencias123.com.py\/wp-content\/uploads\/2025\/10\/my-image-1.png 530w, https:\/\/emergencias123.com.py\/wp-content\/uploads\/2025\/10\/my-image-1-300x300.png 300w, https:\/\/emergencias123.com.py\/wp-content\/uploads\/2025\/10\/my-image-1-150x150.png 150w\" sizes=\"(max-width: 530px) 100vw, 530px\" \/><\/figure><div class=\"wp-block-media-text__content\">\n<div class=\"wp-block-group is-layout-flow wp-block-group-is-layout-flow\" style=\"padding-top:2em;padding-right:2em;padding-bottom:2em;padding-left:2em\">\n<h2 class=\"wp-block-heading\" style=\"font-size:36px\"><strong>EMERGENCIAS 123<\/strong><\/h2>\n\n\n\n<h4 class=\"wp-block-heading has-extra-small-font-size\"><strong>\u2013<\/strong> Una Empresa fortalecida con la formaci\u00f3n profesional para quienes los conforman. Acrecentando nuestro compromiso con nuestros colaboradores.<br>A lo largo de nuestra trayectoria nuestros servicios son prestados a Institiciones P\u00fablicas como Privadas, hasta la actualidad, estableciendo v\u00ednculos profesionales, donde los mismos nos facilitan en ampliar nuestro servicio en el mercado.<\/h4>\n\n\n\n<p><strong> <\/strong><\/p>\n<\/div>\n<\/div><\/div>\n\n\n\n<div class=\"wp-block-columns is-layout-flex wp-container-core-columns-is-layout-28f84493 wp-block-columns-is-layout-flex\">\n<div class=\"wp-block-column is-layout-flow wp-block-column-is-layout-flow\">\n<figure class=\"wp-block-image size-large\"><img decoding=\"async\" width=\"1024\" height=\"769\" src=\"https:\/\/emergencias123.com.py\/wp-content\/uploads\/2025\/10\/WhatsApp-Image-2025-09-19-at-12.16.30-PM-1-1024x769.jpeg\" alt=\"\" class=\"wp-image-63\" srcset=\"https:\/\/emergencias123.com.py\/wp-content\/uploads\/2025\/10\/WhatsApp-Image-2025-09-19-at-12.16.30-PM-1-1024x769.jpeg 1024w, https:\/\/emergencias123.com.py\/wp-content\/uploads\/2025\/10\/WhatsApp-Image-2025-09-19-at-12.16.30-PM-1-300x225.jpeg 300w, https:\/\/emergencias123.com.py\/wp-content\/uploads\/2025\/10\/WhatsApp-Image-2025-09-19-at-12.16.30-PM-1-768x576.jpeg 768w, https:\/\/emergencias123.com.py\/wp-content\/uploads\/2025\/10\/WhatsApp-Image-2025-09-19-at-12.16.30-PM-1-1536x1153.jpeg 1536w, https:\/\/emergencias123.com.py\/wp-content\/uploads\/2025\/10\/WhatsApp-Image-2025-09-19-at-12.16.30-PM-1.jpeg 1600w\" sizes=\"(max-width: 1024px) 100vw, 1024px\" \/><\/figure>\n<\/div>\n\n\n\n<div class=\"wp-block-column is-layout-flow wp-block-column-is-layout-flow\">\n<figure class=\"wp-block-image size-large\"><img decoding=\"async\" width=\"1024\" height=\"768\" src=\"https:\/\/emergencias123.com.py\/wp-content\/uploads\/2025\/10\/WhatsApp-Image-2025-09-19-at-12.16.33-PM-1024x768.jpeg\" alt=\"\" class=\"wp-image-51\" srcset=\"https:\/\/emergencias123.com.py\/wp-content\/uploads\/2025\/10\/WhatsApp-Image-2025-09-19-at-12.16.33-PM-1024x768.jpeg 1024w, https:\/\/emergencias123.com.py\/wp-content\/uploads\/2025\/10\/WhatsApp-Image-2025-09-19-at-12.16.33-PM-300x225.jpeg 300w, https:\/\/emergencias123.com.py\/wp-content\/uploads\/2025\/10\/WhatsApp-Image-2025-09-19-at-12.16.33-PM-768x576.jpeg 768w, https:\/\/emergencias123.com.py\/wp-content\/uploads\/2025\/10\/WhatsApp-Image-2025-09-19-at-12.16.33-PM-1536x1152.jpeg 1536w, https:\/\/emergencias123.com.py\/wp-content\/uploads\/2025\/10\/WhatsApp-Image-2025-09-19-at-12.16.33-PM-2048x1536.jpeg 2048w\" sizes=\"(max-width: 1024px) 100vw, 1024px\" \/><\/figure>\n<\/div>\n\n\n\n<div class=\"wp-block-column is-vertically-aligned-center is-layout-flow wp-block-column-is-layout-flow\">\n<h3 class=\"wp-block-heading\">Certificaci\u00f3n y Habilitaci\u00f3n MSPBS<\/h3>\n\n\n\n<blockquote class=\"wp-block-quote is-layout-flow wp-block-quote-is-layout-flow\">\n<p>Certificaci\u00f3n y resoluci\u00f3n <strong>SG N\u00b0 312\/2020 <\/strong>con registro <strong>N\u00b0 3511<\/strong> de la Super Intendencia de Salud.<\/p>\n<\/blockquote>\n\n\n\n<figure class=\"wp-block-image size-large\"><img loading=\"lazy\" decoding=\"async\" width=\"1024\" height=\"213\" src=\"https:\/\/emergencias123.com.py\/wp-content\/uploads\/2025\/10\/log-mspb-1024x213.jpg\" alt=\"\" class=\"wp-image-174\" srcset=\"https:\/\/emergencias123.com.py\/wp-content\/uploads\/2025\/10\/log-mspb-1024x213.jpg 1024w, https:\/\/emergencias123.com.py\/wp-content\/uploads\/2025\/10\/log-mspb-300x62.jpg 300w, https:\/\/emergencias123.com.py\/wp-content\/uploads\/2025\/10\/log-mspb-768x160.jpg 768w, https:\/\/emergencias123.com.py\/wp-content\/uploads\/2025\/10\/log-mspb-1536x320.jpg 1536w, https:\/\/emergencias123.com.py\/wp-content\/uploads\/2025\/10\/log-mspb-2048x426.jpg 2048w\" sizes=\"(max-width: 1024px) 100vw, 1024px\" \/><\/figure>\n<\/div>\n<\/div>\n\n\n\n<div class=\"wp-block-columns is-layout-flex wp-container-core-columns-is-layout-28f84493 wp-block-columns-is-layout-flex\">\n<div class=\"wp-block-column is-layout-flow wp-block-column-is-layout-flow\">\n<figure class=\"wp-block-image aligncenter size-full is-resized is-style-default\"><img loading=\"lazy\" decoding=\"async\" width=\"251\" height=\"383\" src=\"https:\/\/emergencias123.com.py\/wp-content\/uploads\/2025\/10\/blaslogo.png\" alt=\"\" class=\"wp-image-184\" style=\"width:268px;height:auto\" srcset=\"https:\/\/emergencias123.com.py\/wp-content\/uploads\/2025\/10\/blaslogo.png 251w, https:\/\/emergencias123.com.py\/wp-content\/uploads\/2025\/10\/blaslogo-197x300.png 197w\" sizes=\"(max-width: 251px) 100vw, 251px\" \/><\/figure>\n\n\n\n<h3 class=\"wp-block-heading has-text-align-center\">Lic. Blas Antonio Franco<\/h3>\n\n\n\n<p class=\"has-text-align-center\">Director<\/p>\n\n\n\n<ul class=\"wp-block-social-links aligncenter is-layout-flex wp-block-social-links-is-layout-flex\"><li class=\"wp-social-link wp-social-link-twitter  wp-block-social-link\"><a href=\"#\" class=\"wp-block-social-link-anchor\"><svg width=\"24\" height=\"24\" viewBox=\"0 0 24 24\" version=\"1.1\" xmlns=\"http:\/\/www.w3.org\/2000\/svg\" aria-hidden=\"true\" focusable=\"false\"><path d=\"M22.23,5.924c-0.736,0.326-1.527,0.547-2.357,0.646c0.847-0.508,1.498-1.312,1.804-2.27 c-0.793,0.47-1.671,0.812-2.606,0.996C18.324,4.498,17.257,4,16.077,4c-2.266,0-4.103,1.837-4.103,4.103 c0,0.322,0.036,0.635,0.106,0.935C8.67,8.867,5.647,7.234,3.623,4.751C3.27,5.357,3.067,6.062,3.067,6.814 c0,1.424,0.724,2.679,1.825,3.415c-0.673-0.021-1.305-0.206-1.859-0.513c0,0.017,0,0.034,0,0.052c0,1.988,1.414,3.647,3.292,4.023 c-0.344,0.094-0.707,0.144-1.081,0.144c-0.264,0-0.521-0.026-0.772-0.074c0.522,1.63,2.038,2.816,3.833,2.85 c-1.404,1.1-3.174,1.756-5.096,1.756c-0.331,0-0.658-0.019-0.979-0.057c1.816,1.164,3.973,1.843,6.29,1.843 c7.547,0,11.675-6.252,11.675-11.675c0-0.178-0.004-0.355-0.012-0.531C20.985,7.47,21.68,6.747,22.23,5.924z\"><\/path><\/svg><span class=\"wp-block-social-link-label screen-reader-text\">Twitter<\/span><\/a><\/li>\n\n<li class=\"wp-social-link wp-social-link-facebook  wp-block-social-link\"><a href=\"#\" class=\"wp-block-social-link-anchor\"><svg width=\"24\" height=\"24\" viewBox=\"0 0 24 24\" version=\"1.1\" xmlns=\"http:\/\/www.w3.org\/2000\/svg\" aria-hidden=\"true\" focusable=\"false\"><path d=\"M12 2C6.5 2 2 6.5 2 12c0 5 3.7 9.1 8.4 9.9v-7H7.9V12h2.5V9.8c0-2.5 1.5-3.9 3.8-3.9 1.1 0 2.2.2 2.2.2v2.5h-1.3c-1.2 0-1.6.8-1.6 1.6V12h2.8l-.4 2.9h-2.3v7C18.3 21.1 22 17 22 12c0-5.5-4.5-10-10-10z\"><\/path><\/svg><span class=\"wp-block-social-link-label screen-reader-text\">Facebook<\/span><\/a><\/li>\n\n<li class=\"wp-social-link wp-social-link-linkedin  wp-block-social-link\"><a href=\"#\" class=\"wp-block-social-link-anchor\"><svg width=\"24\" height=\"24\" viewBox=\"0 0 24 24\" version=\"1.1\" xmlns=\"http:\/\/www.w3.org\/2000\/svg\" aria-hidden=\"true\" focusable=\"false\"><path d=\"M19.7,3H4.3C3.582,3,3,3.582,3,4.3v15.4C3,20.418,3.582,21,4.3,21h15.4c0.718,0,1.3-0.582,1.3-1.3V4.3 C21,3.582,20.418,3,19.7,3z M8.339,18.338H5.667v-8.59h2.672V18.338z M7.004,8.574c-0.857,0-1.549-0.694-1.549-1.548 c0-0.855,0.691-1.548,1.549-1.548c0.854,0,1.547,0.694,1.547,1.548C8.551,7.881,7.858,8.574,7.004,8.574z M18.339,18.338h-2.669 v-4.177c0-0.996-0.017-2.278-1.387-2.278c-1.389,0-1.601,1.086-1.601,2.206v4.249h-2.667v-8.59h2.559v1.174h0.037 c0.356-0.675,1.227-1.387,2.526-1.387c2.703,0,3.203,1.779,3.203,4.092V18.338z\"><\/path><\/svg><span class=\"wp-block-social-link-label screen-reader-text\">LinkedIn<\/span><\/a><\/li><\/ul>\n\n\n\n<div style=\"height:30px\" aria-hidden=\"true\" class=\"wp-block-spacer\"><\/div>\n\n\n\n<div style=\"height:30px\" aria-hidden=\"true\" class=\"wp-block-spacer\"><\/div>\n\n\n\n<div style=\"height:30px\" aria-hidden=\"true\" class=\"wp-block-spacer\"><\/div>\n<\/div>\n\n\n\n<div class=\"wp-block-column is-layout-flow wp-block-column-is-layout-flow\">\n<figure class=\"wp-block-image aligncenter size-full is-resized is-style-default\"><img loading=\"lazy\" decoding=\"async\" width=\"200\" height=\"255\" src=\"https:\/\/emergencias123.com.py\/wp-content\/uploads\/2025\/10\/lili-1.png\" alt=\"\" class=\"wp-image-187\" style=\"width:325px;height:auto\"\/><\/figure>\n\n\n\n<h3 class=\"wp-block-heading has-text-align-center\">Lic. Liliana Recalde<\/h3>\n\n\n\n<p class=\"has-text-align-center\">Gerencia<\/p>\n\n\n\n<ul class=\"wp-block-social-links aligncenter is-layout-flex wp-block-social-links-is-layout-flex\"><li class=\"wp-social-link wp-social-link-twitter  wp-block-social-link\"><a href=\"#\" class=\"wp-block-social-link-anchor\"><svg width=\"24\" height=\"24\" viewBox=\"0 0 24 24\" version=\"1.1\" xmlns=\"http:\/\/www.w3.org\/2000\/svg\" aria-hidden=\"true\" focusable=\"false\"><path d=\"M22.23,5.924c-0.736,0.326-1.527,0.547-2.357,0.646c0.847-0.508,1.498-1.312,1.804-2.27 c-0.793,0.47-1.671,0.812-2.606,0.996C18.324,4.498,17.257,4,16.077,4c-2.266,0-4.103,1.837-4.103,4.103 c0,0.322,0.036,0.635,0.106,0.935C8.67,8.867,5.647,7.234,3.623,4.751C3.27,5.357,3.067,6.062,3.067,6.814 c0,1.424,0.724,2.679,1.825,3.415c-0.673-0.021-1.305-0.206-1.859-0.513c0,0.017,0,0.034,0,0.052c0,1.988,1.414,3.647,3.292,4.023 c-0.344,0.094-0.707,0.144-1.081,0.144c-0.264,0-0.521-0.026-0.772-0.074c0.522,1.63,2.038,2.816,3.833,2.85 c-1.404,1.1-3.174,1.756-5.096,1.756c-0.331,0-0.658-0.019-0.979-0.057c1.816,1.164,3.973,1.843,6.29,1.843 c7.547,0,11.675-6.252,11.675-11.675c0-0.178-0.004-0.355-0.012-0.531C20.985,7.47,21.68,6.747,22.23,5.924z\"><\/path><\/svg><span class=\"wp-block-social-link-label screen-reader-text\">Twitter<\/span><\/a><\/li>\n\n<li class=\"wp-social-link wp-social-link-facebook  wp-block-social-link\"><a href=\"#\" class=\"wp-block-social-link-anchor\"><svg width=\"24\" height=\"24\" viewBox=\"0 0 24 24\" version=\"1.1\" xmlns=\"http:\/\/www.w3.org\/2000\/svg\" aria-hidden=\"true\" focusable=\"false\"><path d=\"M12 2C6.5 2 2 6.5 2 12c0 5 3.7 9.1 8.4 9.9v-7H7.9V12h2.5V9.8c0-2.5 1.5-3.9 3.8-3.9 1.1 0 2.2.2 2.2.2v2.5h-1.3c-1.2 0-1.6.8-1.6 1.6V12h2.8l-.4 2.9h-2.3v7C18.3 21.1 22 17 22 12c0-5.5-4.5-10-10-10z\"><\/path><\/svg><span class=\"wp-block-social-link-label screen-reader-text\">Facebook<\/span><\/a><\/li>\n\n<li class=\"wp-social-link wp-social-link-linkedin  wp-block-social-link\"><a href=\"#\" class=\"wp-block-social-link-anchor\"><svg width=\"24\" height=\"24\" viewBox=\"0 0 24 24\" version=\"1.1\" xmlns=\"http:\/\/www.w3.org\/2000\/svg\" aria-hidden=\"true\" focusable=\"false\"><path d=\"M19.7,3H4.3C3.582,3,3,3.582,3,4.3v15.4C3,20.418,3.582,21,4.3,21h15.4c0.718,0,1.3-0.582,1.3-1.3V4.3 C21,3.582,20.418,3,19.7,3z M8.339,18.338H5.667v-8.59h2.672V18.338z M7.004,8.574c-0.857,0-1.549-0.694-1.549-1.548 c0-0.855,0.691-1.548,1.549-1.548c0.854,0,1.547,0.694,1.547,1.548C8.551,7.881,7.858,8.574,7.004,8.574z M18.339,18.338h-2.669 v-4.177c0-0.996-0.017-2.278-1.387-2.278c-1.389,0-1.601,1.086-1.601,2.206v4.249h-2.667v-8.59h2.559v1.174h0.037 c0.356-0.675,1.227-1.387,2.526-1.387c2.703,0,3.203,1.779,3.203,4.092V18.338z\"><\/path><\/svg><span class=\"wp-block-social-link-label screen-reader-text\">LinkedIn<\/span><\/a><\/li><\/ul>\n\n\n\n<div style=\"height:30px\" aria-hidden=\"true\" class=\"wp-block-spacer\"><\/div>\n<\/div>\n<\/div>\n\n\n\n<p><\/p>\n","protected":false},"excerpt":{"rendered":"<p>Certificaci\u00f3n y Habilitaci\u00f3n MSPBS Certificaci\u00f3n y resoluci\u00f3n SG N\u00b0 312\/2020 con registro N\u00b0 3511 de la Super Intendencia de Salud. Lic. Blas Antonio Franco Director Lic. Liliana Recalde Gerencia<\/p>\n","protected":false},"author":1,"featured_media":0,"parent":0,"menu_order":0,"comment_status":"closed","ping_status":"closed","template":"","meta":{"footnotes":""},"class_list":["post-136","page","type-page","status-publish","hentry"],"yoast_head":"<!-- This site is optimized with the Yoast SEO plugin v26.0 - https:\/\/yoast.com\/wordpress\/plugins\/seo\/ -->\n<title>Principal - Emergencias 123<\/title>\n<meta name=\"robots\" content=\"index, follow, max-snippet:-1, max-image-preview:large, max-video-preview:-1\" \/>\n<link rel=\"canonical\" href=\"https:\/\/emergencias123.com.py\/\" \/>\n<meta property=\"og:locale\" content=\"es_ES\" \/>\n<meta property=\"og:type\" content=\"article\" \/>\n<meta property=\"og:title\" content=\"Principal - Emergencias 123\" \/>\n<meta property=\"og:description\" content=\"Certificaci\u00f3n y Habilitaci\u00f3n MSPBS Certificaci\u00f3n y resoluci\u00f3n SG N\u00b0 312\/2020 con registro N\u00b0 3511 de la Super Intendencia de Salud. Lic. Blas Antonio Franco Director Lic. Liliana Recalde Gerencia\" \/>\n<meta property=\"og:url\" content=\"https:\/\/emergencias123.com.py\/\" \/>\n<meta property=\"og:site_name\" content=\"Emergencias 123\" \/>\n<meta property=\"article:modified_time\" content=\"2025-10-23T16:07:32+00:00\" \/>\n<meta property=\"og:image\" content=\"https:\/\/emergencias123.com.py\/wp-content\/uploads\/2025\/10\/my-image-1.png\" \/>\n\t<meta property=\"og:image:width\" content=\"530\" \/>\n\t<meta property=\"og:image:height\" content=\"530\" \/>\n\t<meta property=\"og:image:type\" content=\"image\/png\" \/>\n<meta name=\"twitter:card\" content=\"summary_large_image\" \/>\n<meta name=\"twitter:label1\" content=\"Tiempo de lectura\" \/>\n\t<meta name=\"twitter:data1\" content=\"2 minutos\" \/>\n<script type=\"application\/ld+json\" class=\"yoast-schema-graph\">{\"@context\":\"https:\/\/schema.org\",\"@graph\":[{\"@type\":\"WebPage\",\"@id\":\"https:\/\/emergencias123.com.py\/\",\"url\":\"https:\/\/emergencias123.com.py\/\",\"name\":\"Principal - Emergencias 123\",\"isPartOf\":{\"@id\":\"https:\/\/emergencias123.com.py\/#website\"},\"primaryImageOfPage\":{\"@id\":\"https:\/\/emergencias123.com.py\/#primaryimage\"},\"image\":{\"@id\":\"https:\/\/emergencias123.com.py\/#primaryimage\"},\"thumbnailUrl\":\"https:\/\/emergencias123.com.py\/wp-content\/uploads\/2025\/10\/my-image-1.png\",\"datePublished\":\"2025-10-06T16:54:02+00:00\",\"dateModified\":\"2025-10-23T16:07:32+00:00\",\"breadcrumb\":{\"@id\":\"https:\/\/emergencias123.com.py\/#breadcrumb\"},\"inLanguage\":\"es\",\"potentialAction\":[{\"@type\":\"ReadAction\",\"target\":[\"https:\/\/emergencias123.com.py\/\"]}]},{\"@type\":\"ImageObject\",\"inLanguage\":\"es\",\"@id\":\"https:\/\/emergencias123.com.py\/#primaryimage\",\"url\":\"https:\/\/emergencias123.com.py\/wp-content\/uploads\/2025\/10\/my-image-1.png\",\"contentUrl\":\"https:\/\/emergencias123.com.py\/wp-content\/uploads\/2025\/10\/my-image-1.png\",\"width\":530,\"height\":530},{\"@type\":\"BreadcrumbList\",\"@id\":\"https:\/\/emergencias123.com.py\/#breadcrumb\",\"itemListElement\":[{\"@type\":\"ListItem\",\"position\":1,\"name\":\"Portada\",\"item\":\"https:\/\/emergencias123.com.py\/\"},{\"@type\":\"ListItem\",\"position\":2,\"name\":\"Principal\"}]},{\"@type\":\"WebSite\",\"@id\":\"https:\/\/emergencias123.com.py\/#website\",\"url\":\"https:\/\/emergencias123.com.py\/\",\"name\":\"Emergencias 123\",\"description\":\"&quot;Estamos presentes, somo tu mejor apoyo&quot;\",\"publisher\":{\"@id\":\"https:\/\/emergencias123.com.py\/#organization\"},\"potentialAction\":[{\"@type\":\"SearchAction\",\"target\":{\"@type\":\"EntryPoint\",\"urlTemplate\":\"https:\/\/emergencias123.com.py\/?s={search_term_string}\"},\"query-input\":{\"@type\":\"PropertyValueSpecification\",\"valueRequired\":true,\"valueName\":\"search_term_string\"}}],\"inLanguage\":\"es\"},{\"@type\":\"Organization\",\"@id\":\"https:\/\/emergencias123.com.py\/#organization\",\"name\":\"Emergencias 123\",\"url\":\"https:\/\/emergencias123.com.py\/\",\"logo\":{\"@type\":\"ImageObject\",\"inLanguage\":\"es\",\"@id\":\"https:\/\/emergencias123.com.py\/#\/schema\/logo\/image\/\",\"url\":\"https:\/\/emergencias123.com.py\/wp-content\/uploads\/2025\/10\/cropped-my-image-1.png\",\"contentUrl\":\"https:\/\/emergencias123.com.py\/wp-content\/uploads\/2025\/10\/cropped-my-image-1.png\",\"width\":389,\"height\":378,\"caption\":\"Emergencias 123\"},\"image\":{\"@id\":\"https:\/\/emergencias123.com.py\/#\/schema\/logo\/image\/\"}}]}<\/script>\n<!-- \/ Yoast SEO plugin. -->","yoast_head_json":{"title":"Principal - Emergencias 123","robots":{"index":"index","follow":"follow","max-snippet":"max-snippet:-1","max-image-preview":"max-image-preview:large","max-video-preview":"max-video-preview:-1"},"canonical":"https:\/\/emergencias123.com.py\/","og_locale":"es_ES","og_type":"article","og_title":"Principal - Emergencias 123","og_description":"Certificaci\u00f3n y Habilitaci\u00f3n MSPBS Certificaci\u00f3n y resoluci\u00f3n SG N\u00b0 312\/2020 con registro N\u00b0 3511 de la Super Intendencia de Salud. Lic. Blas Antonio Franco Director Lic. Liliana Recalde Gerencia","og_url":"https:\/\/emergencias123.com.py\/","og_site_name":"Emergencias 123","article_modified_time":"2025-10-23T16:07:32+00:00","og_image":[{"width":530,"height":530,"url":"https:\/\/emergencias123.com.py\/wp-content\/uploads\/2025\/10\/my-image-1.png","type":"image\/png"}],"twitter_card":"summary_large_image","twitter_misc":{"Tiempo de lectura":"2 minutos"},"schema":{"@context":"https:\/\/schema.org","@graph":[{"@type":"WebPage","@id":"https:\/\/emergencias123.com.py\/","url":"https:\/\/emergencias123.com.py\/","name":"Principal - Emergencias 123","isPartOf":{"@id":"https:\/\/emergencias123.com.py\/#website"},"primaryImageOfPage":{"@id":"https:\/\/emergencias123.com.py\/#primaryimage"},"image":{"@id":"https:\/\/emergencias123.com.py\/#primaryimage"},"thumbnailUrl":"https:\/\/emergencias123.com.py\/wp-content\/uploads\/2025\/10\/my-image-1.png","datePublished":"2025-10-06T16:54:02+00:00","dateModified":"2025-10-23T16:07:32+00:00","breadcrumb":{"@id":"https:\/\/emergencias123.com.py\/#breadcrumb"},"inLanguage":"es","potentialAction":[{"@type":"ReadAction","target":["https:\/\/emergencias123.com.py\/"]}]},{"@type":"ImageObject","inLanguage":"es","@id":"https:\/\/emergencias123.com.py\/#primaryimage","url":"https:\/\/emergencias123.com.py\/wp-content\/uploads\/2025\/10\/my-image-1.png","contentUrl":"https:\/\/emergencias123.com.py\/wp-content\/uploads\/2025\/10\/my-image-1.png","width":530,"height":530},{"@type":"BreadcrumbList","@id":"https:\/\/emergencias123.com.py\/#breadcrumb","itemListElement":[{"@type":"ListItem","position":1,"name":"Portada","item":"https:\/\/emergencias123.com.py\/"},{"@type":"ListItem","position":2,"name":"Principal"}]},{"@type":"WebSite","@id":"https:\/\/emergencias123.com.py\/#website","url":"https:\/\/emergencias123.com.py\/","name":"Emergencias 123","description":"&quot;Estamos presentes, somo tu mejor apoyo&quot;","publisher":{"@id":"https:\/\/emergencias123.com.py\/#organization"},"potentialAction":[{"@type":"SearchAction","target":{"@type":"EntryPoint","urlTemplate":"https:\/\/emergencias123.com.py\/?s={search_term_string}"},"query-input":{"@type":"PropertyValueSpecification","valueRequired":true,"valueName":"search_term_string"}}],"inLanguage":"es"},{"@type":"Organization","@id":"https:\/\/emergencias123.com.py\/#organization","name":"Emergencias 123","url":"https:\/\/emergencias123.com.py\/","logo":{"@type":"ImageObject","inLanguage":"es","@id":"https:\/\/emergencias123.com.py\/#\/schema\/logo\/image\/","url":"https:\/\/emergencias123.com.py\/wp-content\/uploads\/2025\/10\/cropped-my-image-1.png","contentUrl":"https:\/\/emergencias123.com.py\/wp-content\/uploads\/2025\/10\/cropped-my-image-1.png","width":389,"height":378,"caption":"Emergencias 123"},"image":{"@id":"https:\/\/emergencias123.com.py\/#\/schema\/logo\/image\/"}}]}},"jetpack_sharing_enabled":true,"_links":{"self":[{"href":"https:\/\/emergencias123.com.py\/index.php?rest_route=\/wp\/v2\/pages\/136","targetHints":{"allow":["GET"]}}],"collection":[{"href":"https:\/\/emergencias123.com.py\/index.php?rest_route=\/wp\/v2\/pages"}],"about":[{"href":"https:\/\/emergencias123.com.py\/index.php?rest_route=\/wp\/v2\/types\/page"}],"author":[{"embeddable":true,"href":"https:\/\/emergencias123.com.py\/index.php?rest_route=\/wp\/v2\/users\/1"}],"replies":[{"embeddable":true,"href":"https:\/\/emergencias123.com.py\/index.php?rest_route=%2Fwp%2Fv2%2Fcomments&post=136"}],"version-history":[{"count":12,"href":"https:\/\/emergencias123.com.py\/index.php?rest_route=\/wp\/v2\/pages\/136\/revisions"}],"predecessor-version":[{"id":282,"href":"https:\/\/emergencias123.com.py\/index.php?rest_route=\/wp\/v2\/pages\/136\/revisions\/282"}],"wp:attachment":[{"href":"https:\/\/emergencias123.com.py\/index.php?rest_route=%2Fwp%2Fv2%2Fmedia&parent=136"}],"curies":[{"name":"wp","href":"https:\/\/api.w.org\/{rel}","templated":true}]}}