{"id":162,"date":"2025-10-06T17:34:40","date_gmt":"2025-10-06T17:34:40","guid":{"rendered":"https:\/\/emergencias123.com.py\/?page_id=162"},"modified":"2025-10-13T17:37:41","modified_gmt":"2025-10-13T17:37:41","slug":"equipamientos","status":"publish","type":"page","link":"https:\/\/emergencias123.com.py\/?page_id=162","title":{"rendered":"Equipamientos"},"content":{"rendered":"\n<p>Nuestra flota de ambulancias est\u00e1 equipada con tecnolog\u00eda de punta y es operada por un equipo de profesionales de la salud capacitados y dedicados. En <strong>Emergencias123 S.A.<\/strong>, cada miembro de nuestro equipo comparte la misma vocaci\u00f3n de servicio: estar ah\u00ed cuando m\u00e1s nos necesitan. Somos m\u00e1s que una empresa de ambulancias; somos un equipo de h\u00e9roes cotidianos, listos para marcar la diferencia en un momento cr\u00edtico.<\/p>\n\n\n\n<div class=\"wp-block-columns is-layout-flex wp-container-core-columns-is-layout-28f84493 wp-block-columns-is-layout-flex\">\n<div class=\"wp-block-column is-layout-flow wp-block-column-is-layout-flow\">\n<figure class=\"wp-block-image size-large\"><img fetchpriority=\"high\" decoding=\"async\" width=\"768\" height=\"1024\" src=\"https:\/\/emergencias123.com.py\/wp-content\/uploads\/2025\/10\/equi5-768x1024.jpeg\" alt=\"\" class=\"wp-image-245\" srcset=\"https:\/\/emergencias123.com.py\/wp-content\/uploads\/2025\/10\/equi5-768x1024.jpeg 768w, https:\/\/emergencias123.com.py\/wp-content\/uploads\/2025\/10\/equi5-225x300.jpeg 225w, https:\/\/emergencias123.com.py\/wp-content\/uploads\/2025\/10\/equi5-1152x1536.jpeg 1152w, https:\/\/emergencias123.com.py\/wp-content\/uploads\/2025\/10\/equi5.jpeg 1200w\" sizes=\"(max-width: 768px) 100vw, 768px\" \/><\/figure>\n\n\n\n<h3 class=\"wp-block-heading\">Ambulacias Altamente Equipadas<\/h3>\n\n\n\n<ul class=\"wp-block-list\">\n<li>Vehiculo especiaizado de nueva generacion.<\/li>\n\n\n\n<li>Sirenas, Balisa.<\/li>\n\n\n\n<li>Camilla Acolchada Rebatible.<\/li>\n\n\n\n<li>Inmobilizador de Cabeza.<\/li>\n\n\n\n<li>Oxigeno central y portatil.<\/li>\n<\/ul>\n\n\n\n<div style=\"height:30px\" aria-hidden=\"true\" class=\"wp-block-spacer\"><\/div>\n<\/div>\n\n\n\n<div class=\"wp-block-column is-layout-flow wp-block-column-is-layout-flow\">\n<figure class=\"wp-block-image size-large\"><img decoding=\"async\" width=\"1199\" height=\"899\" src=\"https:\/\/emergencias123.com.py\/wp-content\/uploads\/2025\/10\/staffconcierto-edited-1.jpeg\" alt=\"\" class=\"wp-image-252\" srcset=\"https:\/\/emergencias123.com.py\/wp-content\/uploads\/2025\/10\/staffconcierto-edited-1.jpeg 1199w, https:\/\/emergencias123.com.py\/wp-content\/uploads\/2025\/10\/staffconcierto-edited-1-300x225.jpeg 300w, https:\/\/emergencias123.com.py\/wp-content\/uploads\/2025\/10\/staffconcierto-edited-1-1024x768.jpeg 1024w, https:\/\/emergencias123.com.py\/wp-content\/uploads\/2025\/10\/staffconcierto-edited-1-768x576.jpeg 768w\" sizes=\"(max-width: 1199px) 100vw, 1199px\" \/><\/figure>\n\n\n\n<h3 class=\"wp-block-heading\">Amplio estaff de profesionales. <\/h3>\n\n\n\n<p>Contamos con equipo de profesionales de la salud altamente capacitados, Paramedicos, Enfermeros, Anestesistas.<\/p>\n\n\n\n<div style=\"height:30px\" aria-hidden=\"true\" class=\"wp-block-spacer\"><\/div>\n\n\n\n<figure class=\"wp-block-image size-large\"><img decoding=\"async\" src=\"https:\/\/emergencias123.com.py\/wp-content\/uploads\/2025\/10\/staff3-edited-1-1024x768.jpeg\" alt=\"\" class=\"wp-image-210\"\/><\/figure>\n<\/div>\n\n\n\n<div class=\"wp-block-column is-layout-flow wp-block-column-is-layout-flow\">\n<figure class=\"wp-block-image size-large\"><img decoding=\"async\" width=\"768\" height=\"1024\" src=\"https:\/\/emergencias123.com.py\/wp-content\/uploads\/2025\/10\/equi1-768x1024.jpeg\" alt=\"\" class=\"wp-image-241\" srcset=\"https:\/\/emergencias123.com.py\/wp-content\/uploads\/2025\/10\/equi1-768x1024.jpeg 768w, https:\/\/emergencias123.com.py\/wp-content\/uploads\/2025\/10\/equi1-225x300.jpeg 225w, https:\/\/emergencias123.com.py\/wp-content\/uploads\/2025\/10\/equi1-1152x1536.jpeg 1152w, https:\/\/emergencias123.com.py\/wp-content\/uploads\/2025\/10\/equi1.jpeg 1200w\" sizes=\"(max-width: 768px) 100vw, 768px\" \/><\/figure>\n\n\n\n<h3 class=\"wp-block-heading\"> Equipos de monitoreo y soporte vital.<\/h3>\n\n\n\n<ul class=\"wp-block-list\">\n<li>Cardio desfibrilador.<\/li>\n\n\n\n<li>Oxigeno central y portatil.<\/li>\n\n\n\n<li>Inmobilizador de Cabeza.<\/li>\n\n\n\n<li>Kit de saltos (Primeros auxilios, via aerea, toxicoloxico, obstetricia<\/li>\n\n\n\n<li>Aspirador de secrecion<\/li>\n\n\n\n<li>monitor multiparamedico<\/li>\n\n\n\n<li>Kit de drogas para reanimacion.<\/li>\n<\/ul>\n\n\n\n<div style=\"height:30px\" aria-hidden=\"true\" class=\"wp-block-spacer\"><\/div>\n<\/div>\n<\/div>\n\n\n\n<div class=\"wp-block-group is-layout-flow wp-block-group-is-layout-flow\">\n<figure class=\"wp-block-gallery has-nested-images columns-4 is-cropped wp-block-gallery-1 is-layout-flex wp-block-gallery-is-layout-flex\">\n<figure class=\"wp-block-image size-large\"><img decoding=\"async\" data-id=\"196\" src=\"https:\/\/emergencias123.com.py\/wp-content\/uploads\/2025\/10\/ambulancias-1024x768.jpeg\" alt=\"\" class=\"wp-image-196\"\/><\/figure>\n\n\n\n<figure class=\"wp-block-image size-large\"><img loading=\"lazy\" decoding=\"async\" width=\"1024\" height=\"700\" data-id=\"236\" src=\"https:\/\/emergencias123.com.py\/wp-content\/uploads\/2025\/10\/edi9-1024x700.jpeg\" alt=\"\" class=\"wp-image-236\" srcset=\"https:\/\/emergencias123.com.py\/wp-content\/uploads\/2025\/10\/edi9-1024x700.jpeg 1024w, https:\/\/emergencias123.com.py\/wp-content\/uploads\/2025\/10\/edi9-300x205.jpeg 300w, https:\/\/emergencias123.com.py\/wp-content\/uploads\/2025\/10\/edi9-768x525.jpeg 768w, https:\/\/emergencias123.com.py\/wp-content\/uploads\/2025\/10\/edi9-1536x1050.jpeg 1536w, https:\/\/emergencias123.com.py\/wp-content\/uploads\/2025\/10\/edi9-2048x1400.jpeg 2048w\" sizes=\"(max-width: 1024px) 100vw, 1024px\" \/><\/figure>\n\n\n\n<figure class=\"wp-block-image size-large\"><img loading=\"lazy\" decoding=\"async\" width=\"769\" height=\"1024\" data-id=\"53\" src=\"https:\/\/emergencias123.com.py\/wp-content\/uploads\/2025\/10\/WhatsApp-Image-2025-09-19-at-12.16.37-PM-769x1024.jpeg\" alt=\"\" class=\"wp-image-53\" srcset=\"https:\/\/emergencias123.com.py\/wp-content\/uploads\/2025\/10\/WhatsApp-Image-2025-09-19-at-12.16.37-PM-769x1024.jpeg 769w, https:\/\/emergencias123.com.py\/wp-content\/uploads\/2025\/10\/WhatsApp-Image-2025-09-19-at-12.16.37-PM-225x300.jpeg 225w, https:\/\/emergencias123.com.py\/wp-content\/uploads\/2025\/10\/WhatsApp-Image-2025-09-19-at-12.16.37-PM-768x1023.jpeg 768w, https:\/\/emergencias123.com.py\/wp-content\/uploads\/2025\/10\/WhatsApp-Image-2025-09-19-at-12.16.37-PM-1153x1536.jpeg 1153w, https:\/\/emergencias123.com.py\/wp-content\/uploads\/2025\/10\/WhatsApp-Image-2025-09-19-at-12.16.37-PM.jpeg 1201w\" sizes=\"(max-width: 769px) 100vw, 769px\" \/><\/figure>\n<\/figure>\n<\/div>\n\n\n\n<p><\/p>\n","protected":false},"excerpt":{"rendered":"<p>Nuestra flota de ambulancias est\u00e1 equipada con tecnolog\u00eda de punta y es operada por un equipo de profesionales de la salud capacitados y dedicados. En Emergencias123 S.A., cada miembro de nuestro equipo comparte la misma vocaci\u00f3n de servicio: estar ah\u00ed cuando m\u00e1s nos necesitan. Somos m\u00e1s que una empresa de ambulancias; somos un equipo de [&hellip;]<\/p>\n","protected":false},"author":1,"featured_media":0,"parent":0,"menu_order":0,"comment_status":"closed","ping_status":"closed","template":"","meta":{"footnotes":""},"class_list":["post-162","page","type-page","status-publish","hentry"],"yoast_head":"<!-- This site is optimized with the Yoast SEO plugin v26.0 - https:\/\/yoast.com\/wordpress\/plugins\/seo\/ -->\n<title>Equipamientos - Emergencias 123<\/title>\n<meta name=\"robots\" content=\"index, follow, max-snippet:-1, max-image-preview:large, max-video-preview:-1\" \/>\n<link rel=\"canonical\" href=\"https:\/\/emergencias123.com.py\/?page_id=162\" \/>\n<meta property=\"og:locale\" content=\"es_ES\" \/>\n<meta property=\"og:type\" content=\"article\" \/>\n<meta property=\"og:title\" content=\"Equipamientos - Emergencias 123\" \/>\n<meta property=\"og:description\" content=\"Nuestra flota de ambulancias est\u00e1 equipada con tecnolog\u00eda de punta y es operada por un equipo de profesionales de la salud capacitados y dedicados. En Emergencias123 S.A., cada miembro de nuestro equipo comparte la misma vocaci\u00f3n de servicio: estar ah\u00ed cuando m\u00e1s nos necesitan. Somos m\u00e1s que una empresa de ambulancias; somos un equipo de [&hellip;]\" \/>\n<meta property=\"og:url\" content=\"https:\/\/emergencias123.com.py\/?page_id=162\" \/>\n<meta property=\"og:site_name\" content=\"Emergencias 123\" \/>\n<meta property=\"article:modified_time\" content=\"2025-10-13T17:37:41+00:00\" \/>\n<meta property=\"og:image\" content=\"https:\/\/emergencias123.com.py\/wp-content\/uploads\/2025\/10\/equi5.jpeg\" \/>\n\t<meta property=\"og:image:width\" content=\"1200\" \/>\n\t<meta property=\"og:image:height\" content=\"1600\" \/>\n\t<meta property=\"og:image:type\" content=\"image\/jpeg\" \/>\n<meta name=\"twitter:card\" content=\"summary_large_image\" \/>\n<meta name=\"twitter:label1\" content=\"Tiempo de lectura\" \/>\n\t<meta name=\"twitter:data1\" content=\"3 minutos\" \/>\n<script type=\"application\/ld+json\" class=\"yoast-schema-graph\">{\"@context\":\"https:\/\/schema.org\",\"@graph\":[{\"@type\":\"WebPage\",\"@id\":\"https:\/\/emergencias123.com.py\/?page_id=162\",\"url\":\"https:\/\/emergencias123.com.py\/?page_id=162\",\"name\":\"Equipamientos - Emergencias 123\",\"isPartOf\":{\"@id\":\"https:\/\/emergencias123.com.py\/#website\"},\"primaryImageOfPage\":{\"@id\":\"https:\/\/emergencias123.com.py\/?page_id=162#primaryimage\"},\"image\":{\"@id\":\"https:\/\/emergencias123.com.py\/?page_id=162#primaryimage\"},\"thumbnailUrl\":\"https:\/\/emergencias123.com.py\/wp-content\/uploads\/2025\/10\/equi5-768x1024.jpeg\",\"datePublished\":\"2025-10-06T17:34:40+00:00\",\"dateModified\":\"2025-10-13T17:37:41+00:00\",\"breadcrumb\":{\"@id\":\"https:\/\/emergencias123.com.py\/?page_id=162#breadcrumb\"},\"inLanguage\":\"es\",\"potentialAction\":[{\"@type\":\"ReadAction\",\"target\":[\"https:\/\/emergencias123.com.py\/?page_id=162\"]}]},{\"@type\":\"ImageObject\",\"inLanguage\":\"es\",\"@id\":\"https:\/\/emergencias123.com.py\/?page_id=162#primaryimage\",\"url\":\"https:\/\/emergencias123.com.py\/wp-content\/uploads\/2025\/10\/equi5.jpeg\",\"contentUrl\":\"https:\/\/emergencias123.com.py\/wp-content\/uploads\/2025\/10\/equi5.jpeg\",\"width\":1200,\"height\":1600},{\"@type\":\"BreadcrumbList\",\"@id\":\"https:\/\/emergencias123.com.py\/?page_id=162#breadcrumb\",\"itemListElement\":[{\"@type\":\"ListItem\",\"position\":1,\"name\":\"Portada\",\"item\":\"https:\/\/emergencias123.com.py\/\"},{\"@type\":\"ListItem\",\"position\":2,\"name\":\"Equipamientos\"}]},{\"@type\":\"WebSite\",\"@id\":\"https:\/\/emergencias123.com.py\/#website\",\"url\":\"https:\/\/emergencias123.com.py\/\",\"name\":\"Emergencias 123\",\"description\":\"&quot;Estamos presentes, somo tu mejor apoyo&quot;\",\"publisher\":{\"@id\":\"https:\/\/emergencias123.com.py\/#organization\"},\"potentialAction\":[{\"@type\":\"SearchAction\",\"target\":{\"@type\":\"EntryPoint\",\"urlTemplate\":\"https:\/\/emergencias123.com.py\/?s={search_term_string}\"},\"query-input\":{\"@type\":\"PropertyValueSpecification\",\"valueRequired\":true,\"valueName\":\"search_term_string\"}}],\"inLanguage\":\"es\"},{\"@type\":\"Organization\",\"@id\":\"https:\/\/emergencias123.com.py\/#organization\",\"name\":\"Emergencias 123\",\"url\":\"https:\/\/emergencias123.com.py\/\",\"logo\":{\"@type\":\"ImageObject\",\"inLanguage\":\"es\",\"@id\":\"https:\/\/emergencias123.com.py\/#\/schema\/logo\/image\/\",\"url\":\"https:\/\/emergencias123.com.py\/wp-content\/uploads\/2025\/10\/cropped-my-image-1.png\",\"contentUrl\":\"https:\/\/emergencias123.com.py\/wp-content\/uploads\/2025\/10\/cropped-my-image-1.png\",\"width\":389,\"height\":378,\"caption\":\"Emergencias 123\"},\"image\":{\"@id\":\"https:\/\/emergencias123.com.py\/#\/schema\/logo\/image\/\"}}]}<\/script>\n<!-- \/ Yoast SEO plugin. -->","yoast_head_json":{"title":"Equipamientos - Emergencias 123","robots":{"index":"index","follow":"follow","max-snippet":"max-snippet:-1","max-image-preview":"max-image-preview:large","max-video-preview":"max-video-preview:-1"},"canonical":"https:\/\/emergencias123.com.py\/?page_id=162","og_locale":"es_ES","og_type":"article","og_title":"Equipamientos - Emergencias 123","og_description":"Nuestra flota de ambulancias est\u00e1 equipada con tecnolog\u00eda de punta y es operada por un equipo de profesionales de la salud capacitados y dedicados. En Emergencias123 S.A., cada miembro de nuestro equipo comparte la misma vocaci\u00f3n de servicio: estar ah\u00ed cuando m\u00e1s nos necesitan. Somos m\u00e1s que una empresa de ambulancias; somos un equipo de [&hellip;]","og_url":"https:\/\/emergencias123.com.py\/?page_id=162","og_site_name":"Emergencias 123","article_modified_time":"2025-10-13T17:37:41+00:00","og_image":[{"width":1200,"height":1600,"url":"https:\/\/emergencias123.com.py\/wp-content\/uploads\/2025\/10\/equi5.jpeg","type":"image\/jpeg"}],"twitter_card":"summary_large_image","twitter_misc":{"Tiempo de lectura":"3 minutos"},"schema":{"@context":"https:\/\/schema.org","@graph":[{"@type":"WebPage","@id":"https:\/\/emergencias123.com.py\/?page_id=162","url":"https:\/\/emergencias123.com.py\/?page_id=162","name":"Equipamientos - Emergencias 123","isPartOf":{"@id":"https:\/\/emergencias123.com.py\/#website"},"primaryImageOfPage":{"@id":"https:\/\/emergencias123.com.py\/?page_id=162#primaryimage"},"image":{"@id":"https:\/\/emergencias123.com.py\/?page_id=162#primaryimage"},"thumbnailUrl":"https:\/\/emergencias123.com.py\/wp-content\/uploads\/2025\/10\/equi5-768x1024.jpeg","datePublished":"2025-10-06T17:34:40+00:00","dateModified":"2025-10-13T17:37:41+00:00","breadcrumb":{"@id":"https:\/\/emergencias123.com.py\/?page_id=162#breadcrumb"},"inLanguage":"es","potentialAction":[{"@type":"ReadAction","target":["https:\/\/emergencias123.com.py\/?page_id=162"]}]},{"@type":"ImageObject","inLanguage":"es","@id":"https:\/\/emergencias123.com.py\/?page_id=162#primaryimage","url":"https:\/\/emergencias123.com.py\/wp-content\/uploads\/2025\/10\/equi5.jpeg","contentUrl":"https:\/\/emergencias123.com.py\/wp-content\/uploads\/2025\/10\/equi5.jpeg","width":1200,"height":1600},{"@type":"BreadcrumbList","@id":"https:\/\/emergencias123.com.py\/?page_id=162#breadcrumb","itemListElement":[{"@type":"ListItem","position":1,"name":"Portada","item":"https:\/\/emergencias123.com.py\/"},{"@type":"ListItem","position":2,"name":"Equipamientos"}]},{"@type":"WebSite","@id":"https:\/\/emergencias123.com.py\/#website","url":"https:\/\/emergencias123.com.py\/","name":"Emergencias 123","description":"&quot;Estamos presentes, somo tu mejor apoyo&quot;","publisher":{"@id":"https:\/\/emergencias123.com.py\/#organization"},"potentialAction":[{"@type":"SearchAction","target":{"@type":"EntryPoint","urlTemplate":"https:\/\/emergencias123.com.py\/?s={search_term_string}"},"query-input":{"@type":"PropertyValueSpecification","valueRequired":true,"valueName":"search_term_string"}}],"inLanguage":"es"},{"@type":"Organization","@id":"https:\/\/emergencias123.com.py\/#organization","name":"Emergencias 123","url":"https:\/\/emergencias123.com.py\/","logo":{"@type":"ImageObject","inLanguage":"es","@id":"https:\/\/emergencias123.com.py\/#\/schema\/logo\/image\/","url":"https:\/\/emergencias123.com.py\/wp-content\/uploads\/2025\/10\/cropped-my-image-1.png","contentUrl":"https:\/\/emergencias123.com.py\/wp-content\/uploads\/2025\/10\/cropped-my-image-1.png","width":389,"height":378,"caption":"Emergencias 123"},"image":{"@id":"https:\/\/emergencias123.com.py\/#\/schema\/logo\/image\/"}}]}},"jetpack_sharing_enabled":true,"_links":{"self":[{"href":"https:\/\/emergencias123.com.py\/index.php?rest_route=\/wp\/v2\/pages\/162","targetHints":{"allow":["GET"]}}],"collection":[{"href":"https:\/\/emergencias123.com.py\/index.php?rest_route=\/wp\/v2\/pages"}],"about":[{"href":"https:\/\/emergencias123.com.py\/index.php?rest_route=\/wp\/v2\/types\/page"}],"author":[{"embeddable":true,"href":"https:\/\/emergencias123.com.py\/index.php?rest_route=\/wp\/v2\/users\/1"}],"replies":[{"embeddable":true,"href":"https:\/\/emergencias123.com.py\/index.php?rest_route=%2Fwp%2Fv2%2Fcomments&post=162"}],"version-history":[{"count":3,"href":"https:\/\/emergencias123.com.py\/index.php?rest_route=\/wp\/v2\/pages\/162\/revisions"}],"predecessor-version":[{"id":253,"href":"https:\/\/emergencias123.com.py\/index.php?rest_route=\/wp\/v2\/pages\/162\/revisions\/253"}],"wp:attachment":[{"href":"https:\/\/emergencias123.com.py\/index.php?rest_route=%2Fwp%2Fv2%2Fmedia&parent=162"}],"curies":[{"name":"wp","href":"https:\/\/api.w.org\/{rel}","templated":true}]}}